{"id":246,"date":"2017-10-02T12:38:38","date_gmt":"2017-10-02T10:38:38","guid":{"rendered":"https:\/\/kovacsgyorgy.eu\/?page_id=246"},"modified":"2025-01-13T13:49:50","modified_gmt":"2025-01-13T12:49:50","slug":"eloadasok","status":"publish","type":"page","link":"https:\/\/kovacsgyorgy.eu\/?page_id=246","title":{"rendered":"El\u0151ad\u00e1sok"},"content":{"rendered":"<p><\/p>\n<p style=\"text-align: left;\"><img loading=\"lazy\" decoding=\"async\" class=\"alignleft wp-image-646\" src=\"https:\/\/kovacsgyorgy.eu\/wp-content\/uploads\/2017\/10\/Kandi-1.png\" alt=\"\" width=\"138\" height=\"101\" srcset=\"https:\/\/kovacsgyorgy.eu\/wp-content\/uploads\/2017\/10\/Kandi-1.png 906w, https:\/\/kovacsgyorgy.eu\/wp-content\/uploads\/2017\/10\/Kandi-1-300x220.png 300w, https:\/\/kovacsgyorgy.eu\/wp-content\/uploads\/2017\/10\/Kandi-1-768x564.png 768w\" sizes=\"auto, (max-width: 138px) 100vw, 138px\" \/>A mezeiny\u00fal gazd\u00e1lkod\u00e1s popul\u00e1ci\u00f3\u00f6kol\u00f3giai alapjai (a kandid\u00e1tusi disszert\u00e1ci\u00f3 v\u00e9d\u00e9s\u00e9n elhangzott el\u0151ad\u00e1s anyaga, Magyar Tudom\u00e1nyos Akad\u00e9mia). Az al\u00e1bbi linkr\u0151l let\u00f6lthet\u0151 a <em>ppsx<\/em>\u00a0f\u00e1jl:<\/p>\n<p><a href=\"https:\/\/kovacsgyorgy.eu\/wp-content\/uploads\/2017\/11\/Kandi-m\u00e1solat.ppsx\">Kandid\u00e1tusi v\u00e9d\u00e9s<\/a><\/p>\n<p>&nbsp;<\/p>\n<p style=\"text-align: left;\"><img loading=\"lazy\" decoding=\"async\" class=\"alignleft wp-image-645\" src=\"https:\/\/kovacsgyorgy.eu\/wp-content\/uploads\/2017\/10\/Nagyvad.png\" alt=\"\" width=\"142\" height=\"105\" srcset=\"https:\/\/kovacsgyorgy.eu\/wp-content\/uploads\/2017\/10\/Nagyvad.png 911w, https:\/\/kovacsgyorgy.eu\/wp-content\/uploads\/2017\/10\/Nagyvad-300x222.png 300w, https:\/\/kovacsgyorgy.eu\/wp-content\/uploads\/2017\/10\/Nagyvad-768x567.png 768w\" sizes=\"auto, (max-width: 142px) 100vw, 142px\" \/>Orsz\u00e1gos Nagyvadl\u00e9tsz\u00e1m Monitoroz\u00f3 Rendszer &#8211; koncepci\u00f3-tervezet. A G\u00f6d\u00f6ll\u0151i Egyetemen el\u0151adott anyag.\u00a0Az al\u00e1bbi \u00a0linkr\u0151l let\u00f6lthet\u0151 a <em>ppsx<\/em>\u00a0f\u00e1jl:<\/p>\n<p><a href=\"https:\/\/kovacsgyorgy.eu\/wp-content\/uploads\/2017\/11\/ONMR-m\u00e1solat.ppsx\">Nagyvad-becl\u00e9s<\/a><\/p>\n<p>&nbsp;<\/p>\n<p style=\"text-align: left;\"><img loading=\"lazy\" decoding=\"async\" class=\"alignleft wp-image-656\" src=\"https:\/\/kovacsgyorgy.eu\/wp-content\/uploads\/2017\/10\/BosiTargayalasok_209.png\" alt=\"\" width=\"142\" height=\"105\" srcset=\"https:\/\/kovacsgyorgy.eu\/wp-content\/uploads\/2017\/10\/BosiTargayalasok_209.png 899w, https:\/\/kovacsgyorgy.eu\/wp-content\/uploads\/2017\/10\/BosiTargayalasok_209-300x221.png 300w, https:\/\/kovacsgyorgy.eu\/wp-content\/uploads\/2017\/10\/BosiTargayalasok_209-768x566.png 768w\" sizes=\"auto, (max-width: 142px) 100vw, 142px\" \/>El\u0151ad\u00e1s a h\u00e1gai \u00edt\u00e9let v\u00e9grehajt\u00e1s\u00e1val kapcsolatos t\u00e1rgyal\u00e1sok helyzet\u00e9r\u0151l, 2009. Az al\u00e1bbi \u00a0linkr\u0151l let\u00f6lthet\u0151 a <em>ppsx<\/em>\u00a0f\u00e1jl:<\/p>\n<p>&nbsp;<\/p>\n<p><a href=\"https:\/\/kovacsgyorgy.eu\/wp-content\/uploads\/2017\/11\/BNVT_OKT_090604-m\u00e1solat.ppsx\">B\u0151s-nagymarosi t\u00e1rgyal\u00e1sok, 2009<\/a><\/p>\n<p>&nbsp;<\/p>\n<p><img loading=\"lazy\" decoding=\"async\" class=\"alignleft wp-image-643\" src=\"https:\/\/kovacsgyorgy.eu\/wp-content\/uploads\/2017\/10\/Bosivita_2017.png\" alt=\"\" width=\"138\" height=\"103\" srcset=\"https:\/\/kovacsgyorgy.eu\/wp-content\/uploads\/2017\/10\/Bosivita_2017.png 908w, https:\/\/kovacsgyorgy.eu\/wp-content\/uploads\/2017\/10\/Bosivita_2017-300x224.png 300w, https:\/\/kovacsgyorgy.eu\/wp-content\/uploads\/2017\/10\/Bosivita_2017-768x573.png 768w\" sizes=\"auto, (max-width: 138px) 100vw, 138px\" \/>El\u0151ad\u00e1s a Duna Charta szervez\u00e9s\u00e9ben &#8222;Vizet a Dun\u00e1ba, ne g\u00e1takat &#8211; 25 \u00e9ve terelt\u00e9k el a Dun\u00e1t&#8221; c\u00edm\u0171 konferenci\u00e1n (Orsz\u00e1gos Sz\u00e9chenyi K\u00f6nyvt\u00e1r D\u00edszterme, 2017. okt\u00f3ber 26.)\u00a0Az al\u00e1bbi \u00a0linkr\u0151l let\u00f6lthet\u0151 a <em>ppsx<\/em>\u00a0f\u00e1jl:<\/p>\n<p><a href=\"https:\/\/kovacsgyorgy.eu\/wp-content\/uploads\/2017\/11\/Duna_Charta_2017-m\u00e1solat.ppsx\">A b\u0151si jogvita 25 \u00e9ve<\/a><\/p>\n<p>&nbsp;<\/p>","protected":false},"excerpt":{"rendered":"<p>A mezeiny\u00fal gazd\u00e1lkod\u00e1s popul\u00e1ci\u00f3\u00f6kol\u00f3giai alapjai (a kandid\u00e1tusi disszert\u00e1ci\u00f3 v\u00e9d\u00e9s\u00e9n elhangzott el\u0151ad\u00e1s anyaga, Magyar Tudom\u00e1nyos Akad\u00e9mia). Az al\u00e1bbi linkr\u0151l let\u00f6lthet\u0151 a ppsx\u00a0f\u00e1jl: Kandid\u00e1tusi v\u00e9d\u00e9s &nbsp; Orsz\u00e1gos Nagyvadl\u00e9tsz\u00e1m Monitoroz\u00f3 Rendszer &#8211; koncepci\u00f3-tervezet. A G\u00f6d\u00f6ll\u0151i Egyetemen el\u0151adott anyag.\u00a0Az al\u00e1bbi \u00a0linkr\u0151l let\u00f6lthet\u0151 a ppsx\u00a0f\u00e1jl: Nagyvad-becl\u00e9s &nbsp; El\u0151ad\u00e1s a h\u00e1gai \u00edt\u00e9let v\u00e9grehajt\u00e1s\u00e1val kapcsolatos t\u00e1rgyal\u00e1sok helyzet\u00e9r\u0151l, 2009. Az al\u00e1bbi \u00a0linkr\u0151l let\u00f6lthet\u0151&hellip; <a class=\"more-link\" href=\"https:\/\/kovacsgyorgy.eu\/?page_id=246\"><span class=\"screen-reader-text\">El\u0151ad\u00e1sok<\/span> olvas\u00e1s\u00e1nak folytat\u00e1sa<\/a><\/p>\n","protected":false},"author":1,"featured_media":0,"parent":0,"menu_order":0,"comment_status":"closed","ping_status":"closed","template":"","meta":{"footnotes":""},"class_list":["post-246","page","type-page","status-publish","hentry","entry"],"_links":{"self":[{"href":"https:\/\/kovacsgyorgy.eu\/index.php?rest_route=\/wp\/v2\/pages\/246","targetHints":{"allow":["GET"]}}],"collection":[{"href":"https:\/\/kovacsgyorgy.eu\/index.php?rest_route=\/wp\/v2\/pages"}],"about":[{"href":"https:\/\/kovacsgyorgy.eu\/index.php?rest_route=\/wp\/v2\/types\/page"}],"author":[{"embeddable":true,"href":"https:\/\/kovacsgyorgy.eu\/index.php?rest_route=\/wp\/v2\/users\/1"}],"replies":[{"embeddable":true,"href":"https:\/\/kovacsgyorgy.eu\/index.php?rest_route=%2Fwp%2Fv2%2Fcomments&post=246"}],"version-history":[{"count":65,"href":"https:\/\/kovacsgyorgy.eu\/index.php?rest_route=\/wp\/v2\/pages\/246\/revisions"}],"predecessor-version":[{"id":818,"href":"https:\/\/kovacsgyorgy.eu\/index.php?rest_route=\/wp\/v2\/pages\/246\/revisions\/818"}],"wp:attachment":[{"href":"https:\/\/kovacsgyorgy.eu\/index.php?rest_route=%2Fwp%2Fv2%2Fmedia&parent=246"}],"curies":[{"name":"wp","href":"https:\/\/api.w.org\/{rel}","templated":true}]}}